{"id":5,"date":"2019-02-28T10:37:16","date_gmt":"2019-02-28T10:37:16","guid":{"rendered":"http:\/\/psztsrv.inf.elte.hu\/wordpress\/?page_id=5"},"modified":"2021-03-08T17:42:22","modified_gmt":"2021-03-08T17:42:22","slug":"munkatarsak","status":"publish","type":"page","link":"https:\/\/pszt.inf.elte.hu\/index.php\/munkatarsak\/","title":{"rendered":"Munkat\u00e1rsak"},"content":{"rendered":"\n<figure class=\"wp-block-image\"><img alt=\"\"\/><\/figure>\n\n\n\n<p> Tansz\u00e9kvezet\u0151 <\/p>\n\n\n\n<div class=\"wp-block-media-text alignwide\" style=\"grid-template-columns:19% auto\"><figure class=\"wp-block-media-text__media\"><img loading=\"lazy\" width=\"187\" height=\"260\" src=\"https:\/\/pszt.inf.elte.hu\/wp-content\/uploads\/2019\/02\/gt-1.jpg\" alt=\"\" class=\"wp-image-27 size-full\"\/><\/figure><div class=\"wp-block-media-text__content\">\n<p class=\"has-white-background-color has-background\" style=\"font-size:11px\"><strong>Dr. Gregorics Tibor &#8211; tansz\u00e9kvezet\u0151 egyetemi docens <\/strong><br>e-mail: gt [at] inf.elte.hu   <br>honlap:<a href=\"https:\/\/people.inf.elte.hu\/gt\"> people.inf.elte.hu\/gt<\/a> <br>iroda: D\u00e9li t\u00f6mb 2-611<br>mell\u00e9k:  8493 <\/p>\n<\/div><\/div>\n\n\n\n<p> Igazgat\u00e1si \u00fcgyint\u00e9z\u0151 <\/p>\n\n\n\n<div class=\"wp-block-media-text alignwide\" style=\"grid-template-columns:18% auto\"><figure class=\"wp-block-media-text__media\"><img loading=\"lazy\" width=\"264\" height=\"264\" src=\"https:\/\/pszt.inf.elte.hu\/wp-content\/uploads\/2019\/10\/th_nincs.jpg\" alt=\"\" class=\"wp-image-181 size-full\"\/><\/figure><div class=\"wp-block-media-text__content\">\n<p class=\"has-dark-gray-color has-white-background-color has-text-color has-background\" style=\"font-size:11px\"><strong>B\u00e1nhegyi Erika &#8211; igazgat\u00e1si \u00fcgyint\u00e9z\u0151<\/strong><br>e-mail: berika [at] inf.elte.hu <br>iroda: D\u00e9li t\u00f6mb 2-619<br>mell\u00e9k:  8219  <\/p>\n<\/div><\/div>\n\n\n\n<p>Oktat\u00f3k<\/p>\n\n\n\n<div class=\"wp-block-media-text alignwide\" style=\"grid-template-columns:18% auto\"><figure class=\"wp-block-media-text__media\"><img loading=\"lazy\" width=\"264\" height=\"264\" src=\"https:\/\/pszt.inf.elte.hu\/wp-content\/uploads\/2019\/08\/th_bzs.png\" alt=\"\" class=\"wp-image-38 size-full\"\/><\/figure><div class=\"wp-block-media-text__content\">\n<p class=\"has-white-background-color has-background\" style=\"font-size:11px\"><strong>Borsi Zsolt &#8211; tan\u00e1rseg\u00e9d<\/strong><br>e-mail: bzsr [at] inf.elte.hu<br>honlap: <a rel=\"noreferrer noopener\" href=\"http:\/\/bzsr.web.elte.hu\/\" target=\"_blank\">bzsr.web.elte.hu\/<\/a> <br>iroda: D\u00e9li t\u00f6mb 2-612<br>mell\u00e9k:  8494  <\/p>\n<\/div><\/div>\n\n\n\n<div class=\"wp-block-media-text alignwide\" style=\"grid-template-columns:18% auto\"><figure class=\"wp-block-media-text__media\"><img loading=\"lazy\" width=\"264\" height=\"264\" src=\"https:\/\/pszt.inf.elte.hu\/wp-content\/uploads\/2019\/08\/th_csm.jpg\" alt=\"\" class=\"wp-image-45 size-full\"\/><\/figure><div class=\"wp-block-media-text__content\">\n<p class=\"has-white-background-color has-background\" style=\"font-size:11px\"> <strong>Cser\u00e9p M\u00e1t\u00e9 <\/strong>&#8211; <strong>tan\u00e1rseg\u00e9d<\/strong> <br>e-mail: mcserep [at] inf.elte.hu <br>honlap: <a href=\"http:\/\/mcserep.web.elte.hu\/\">http:\/\/mcserep.web.elte.hu\/<\/a> <a href=\"http:\/\/mcserep.web.elte.hu\"><\/a><br>iroda: D\u00e9li t\u00f6mb 2-618<br>mell\u00e9k: 8496   <\/p>\n<\/div><\/div>\n\n\n\n<div class=\"wp-block-media-text alignwide\" style=\"grid-template-columns:18% auto\"><figure class=\"wp-block-media-text__media\"><img loading=\"lazy\" width=\"264\" height=\"264\" src=\"https:\/\/pszt.inf.elte.hu\/wp-content\/uploads\/2019\/10\/th_nincs.jpg\" alt=\"\" class=\"wp-image-181 size-full\"\/><\/figure><div class=\"wp-block-media-text__content\">\n<p class=\"has-dark-gray-color has-white-background-color has-text-color has-background\" style=\"font-size:11px\"> <br><strong>Keszthelyi Zsolt &#8211; m\u00e9rn\u00f6ktan\u00e1r<\/strong><br>e-mail: keszthelyi [at] inf.elte.hu<br>iroda: D\u00e9li t\u00f6mb 2-612                                                           <\/p>\n<\/div><\/div>\n\n\n\n<div class=\"wp-block-media-text alignwide\" style=\"grid-template-columns:18% auto\"><figure class=\"wp-block-media-text__media\"><img loading=\"lazy\" width=\"264\" height=\"264\" src=\"https:\/\/pszt.inf.elte.hu\/wp-content\/uploads\/2019\/08\/th_pb-2.png\" alt=\"\" class=\"wp-image-110 size-full\"\/><\/figure><div class=\"wp-block-media-text__content\">\n<p class=\"has-white-background-color has-background\" style=\"font-size:11px\"> <strong>Dr. Pint\u00e9r Bal\u00e1zs<\/strong> &#8211;<strong> adjunktus<\/strong><br>e-mail: bli [at] elte.hu<br>honlap: <a href=\"https:\/\/people.inf.elte.hu\/ilyese\/\">people.<\/a><a href=\"https:\/\/people.inf.elte.hu\/pinter\">inf.elte.hu\/pinter<\/a><br>iroda: D\u00e9li  t\u00f6mb 2-618<br>mell\u00e9k: 8496  <\/p>\n<\/div><\/div>\n\n\n\n<div class=\"wp-block-media-text alignwide\" style=\"grid-template-columns:18% auto\"><figure class=\"wp-block-media-text__media\"><img loading=\"lazy\" width=\"264\" height=\"264\" src=\"https:\/\/pszt.inf.elte.hu\/wp-content\/uploads\/2019\/08\/th_szr.png\" alt=\"\" class=\"wp-image-49 size-full\"\/><\/figure><div class=\"wp-block-media-text__content\">\n<p class=\"has-white-background-color has-background\" style=\"font-size:11px\"><strong>Dr. Szendrei Rudolf<\/strong> <strong>&#8211; adjunktus<\/strong><br>e-mail: swap [at] inf.elte.hu <br>honlap: <a rel=\"noreferrer noopener\" href=\"https:\/\/swap.web.elte.hu\/\" target=\"_blank\">swap.web.elte.hu\/<\/a> <br>iroda: D\u00e9li t\u00f6mb 2-602<br>mell\u00e9k: 8482<\/p>\n<\/div><\/div>\n\n\n\n<div class=\"wp-block-media-text alignwide\" style=\"grid-template-columns:18% auto\"><figure class=\"wp-block-media-text__media\"><img loading=\"lazy\" width=\"264\" height=\"263\" src=\"https:\/\/pszt.inf.elte.hu\/wp-content\/uploads\/2019\/08\/th_va.png\" alt=\"\" class=\"wp-image-51 size-full\"\/><\/figure><div class=\"wp-block-media-text__content\">\n<p class=\"has-white-background-color has-background\" style=\"font-size:11px\"> <strong>Dr. habil Varga L\u00e1szl\u00f3 Zsolt &#8211; egyetemi docens<\/strong><br>e-mail: lzvarga [at] inf.elte.hu<br>honlap: <a href=\"https:\/\/people.inf.elte.hu\/lzvarga\/\">people.inf.elte.hu\/lzvarga\/<\/a> <a rel=\"noreferrer noopener\" href=\"https:\/\/swap.web.elte.hu\/\" target=\"_blank\"><\/a><br>iroda: D\u00e9li t\u00f6mb 2-601<br>mell\u00e9k: 8481 <\/p>\n<\/div><\/div>\n\n\n\n<div class=\"wp-block-media-text alignwide\" style=\"grid-template-columns:18% auto\"><figure class=\"wp-block-media-text__media\"><img loading=\"lazy\" width=\"264\" height=\"264\" src=\"https:\/\/pszt.inf.elte.hu\/wp-content\/uploads\/2019\/08\/th_vt.jpg\" alt=\"\" class=\"wp-image-53 size-full\"\/><\/figure><div class=\"wp-block-media-text__content\">\n<p class=\"has-white-background-color has-background\" style=\"font-size:11px\"><strong>Dr. <\/strong> <strong>V\u00e1rkonyi Ter\u00e9z Anna &#8211; adjunktus<\/strong><br>e-mail: treszka  [at] inf.elte.hu<br>honlap: <a href=\"https:\/\/people.inf.elte.hu\/treszka\/\">people.inf.elte.hu\/treszka\/<\/a> <br>iroda: D\u00e9li t\u00f6mb 2-615<br>mell\u00e9k: 3739   <\/p>\n<\/div><\/div>\n\n\n\n<figure class=\"wp-block-gallery columns-0 is-cropped\"><ul class=\"blocks-gallery-grid\"><\/ul><\/figure>\n\n\n\n<p>Doktoranduszok<\/p>\n\n\n\n<div class=\"wp-block-media-text alignwide\" style=\"grid-template-columns:18% auto\"><figure class=\"wp-block-media-text__media\"><img loading=\"lazy\" width=\"264\" height=\"264\" src=\"https:\/\/pszt.inf.elte.hu\/wp-content\/uploads\/2019\/08\/th_ie.png\" alt=\"\" class=\"wp-image-39 size-full\"\/><\/figure><div class=\"wp-block-media-text__content\">\n<p class=\"has-white-background-color has-background\" style=\"font-size:11px\"><strong>Ily\u00e9s Enik\u0151 <\/strong><br>e-mail: ilyese [at] inf.elte.hu<br>honlap: <a href=\"https:\/\/people.inf.elte.hu\/ilyese\/\">people.inf.elte.hu\/ilyese<\/a><br>iroda: D\u00e9li t\u00f6mb  2-602<br>mell\u00e9k: 8482  <\/p>\n<\/div><\/div>\n\n\n\n<p>Munkat\u00e1rsaink az ELTE Savaria Egyetemi K\u00f6zpontb\u00f3l (Szombathely)<\/p>\n\n\n\n<div class=\"wp-block-media-text alignwide\" style=\"grid-template-columns:18% auto\"><figure class=\"wp-block-media-text__media\"><img loading=\"lazy\" width=\"263\" height=\"263\" src=\"https:\/\/pszt.inf.elte.hu\/wp-content\/uploads\/2021\/02\/th_ga.jpg\" alt=\"\" class=\"wp-image-192 size-full\"\/><\/figure><div class=\"wp-block-media-text__content\">\n<p class=\"has-white-background-color has-background\" style=\"font-size:11px\"><strong>Dr. Gludov\u00e1tz Attila &#8211; adjunktus<\/strong><br>e-mail: gla [at] inf.elte.hu<br>honlap: <a href=\"http:\/\/gludovatza.web.elte.hu\/\">http:\/\/gludovatza.web.elte.hu\/<\/a><br>iroda: Szombathely, K\u00e1rolyi G\u00e1sp\u00e1r t\u00e9r 4., B10<br> <\/p>\n<\/div><\/div>\n\n\n\n<div class=\"wp-block-media-text alignwide\" style=\"grid-template-columns:18% auto\"><figure class=\"wp-block-media-text__media\"><img loading=\"lazy\" width=\"264\" height=\"264\" src=\"https:\/\/pszt.inf.elte.hu\/wp-content\/uploads\/2021\/02\/th_ss.png\" alt=\"\" class=\"wp-image-195 size-full\"\/><\/figure><div class=\"wp-block-media-text__content\">\n<p class=\"has-white-background-color has-background\" style=\"font-size:11px\"><strong>So\u00f3s S\u00e1ndor<\/strong><br>e-mail: soossandor [at] inf.elte.hu<br>iroda: Szombathely, K\u00e1rolyi G\u00e1sp\u00e1r t\u00e9r 4., B10<br><\/p>\n<\/div><\/div>\n\n\n\n<p>K\u00fcls\u0151s munkat\u00e1rsak<\/p>\n\n\n\n<div class=\"wp-block-media-text alignwide\" style=\"grid-template-columns:18% auto\"><figure class=\"wp-block-media-text__media\"><img loading=\"lazy\" width=\"264\" height=\"264\" src=\"https:\/\/pszt.inf.elte.hu\/wp-content\/uploads\/2019\/08\/th_ha.jpg\" alt=\"\" class=\"wp-image-56 size-full\"\/><\/figure><div class=\"wp-block-media-text__content\">\n<p class=\"has-dark-gray-color has-white-background-color has-text-color has-background\" style=\"font-size:11px\"> <br><strong>Horv\u00e1th Attila Ferenc<\/strong> <br>e-mail: horvath.attila.f [at] gmail.com<br>  <\/p>\n<\/div><\/div>\n\n\n\n<div class=\"wp-block-media-text alignwide\" style=\"grid-template-columns:18% auto\"><figure class=\"wp-block-media-text__media\"><img loading=\"lazy\" width=\"264\" height=\"264\" src=\"https:\/\/pszt.inf.elte.hu\/wp-content\/uploads\/2019\/08\/th_mk.jpg\" alt=\"\" class=\"wp-image-57 size-full\"\/><\/figure><div class=\"wp-block-media-text__content\">\n<p class=\"has-white-background-color has-background\" style=\"font-size:11px\"><strong>M\u00f3zsi Kriszti\u00e1n<\/strong> <br>e-mail: mozsik [at] inf.elte.hu<br>honlap: <a href=\"http:\/\/people.inf.elte.hu\/mozsik\">people.inf.elte.hu\/mozsik<\/a> <br>iroda: D\u00e9li t\u00f6mb 2-703                                                           <\/p>\n<\/div><\/div>\n\n\n\n<div class=\"wp-block-media-text alignwide\" style=\"grid-template-columns:18% auto\"><figure class=\"wp-block-media-text__media\"><img loading=\"lazy\" width=\"264\" height=\"264\" src=\"https:\/\/pszt.inf.elte.hu\/wp-content\/uploads\/2019\/08\/th_na.jpg\" alt=\"\" class=\"wp-image-58 size-full\"\/><\/figure><div class=\"wp-block-media-text__content\">\n<p class=\"has-white-background-color has-background\" style=\"font-size:11px\"><strong>Nagy Andr\u00e1s<\/strong> <br>e-mail: nagyandras95  [at] inf.elte.hu<br>honlap: <a href=\"http:\/\/people.inf.elte.hu\/nagyandras95\">people.inf.elte.hu\/nagyandras95<\/a> <br>iroda: D\u00e9li t\u00f6mb 2-703                                                           <\/p>\n<\/div><\/div>\n\n\n\n<div class=\"wp-block-media-text alignwide\" style=\"grid-template-columns:18% auto\"><figure class=\"wp-block-media-text__media\"><img loading=\"lazy\" width=\"264\" height=\"264\" src=\"https:\/\/pszt.inf.elte.hu\/wp-content\/uploads\/2021\/03\/th_nk.png\" alt=\"\" class=\"wp-image-205 size-full\" srcset=\"https:\/\/pszt.inf.elte.hu\/wp-content\/uploads\/2021\/03\/th_nk.png 264w, https:\/\/pszt.inf.elte.hu\/wp-content\/uploads\/2021\/03\/th_nk-150x150.png 150w\" sizes=\"(max-width: 264px) 100vw, 264px\" \/><\/figure><div class=\"wp-block-media-text__content\">\n<p class=\"has-white-background-color has-background\" style=\"font-size:11px\"><br><strong>Nagy<\/strong> <strong>Kriszti\u00e1n<\/strong> <br>e-mail: valdar [at] inf.elte.hu<br>honlap: <a href=\"https:\/\/valdar.web.elte.hu\/\">https:\/\/valdar.web.elte.hu\/<\/a><\/p>\n<\/div><\/div>\n","protected":false},"excerpt":{"rendered":"<p>Tansz\u00e9kvezet\u0151 Dr. Gregorics Tibor &#8211; tansz\u00e9kvezet\u0151 egyetemi docens e-mail: gt [at] inf.elte.hu honlap: people.inf.elte.hu\/gt iroda: D\u00e9li t\u00f6mb 2-611mell\u00e9k: 8493 Igazgat\u00e1si \u00fcgyint\u00e9z\u0151 B\u00e1nhegyi Erika &#8211; igazgat\u00e1si \u00fcgyint\u00e9z\u0151e-mail: berika [at] inf.elte.hu iroda: D\u00e9li t\u00f6mb 2-619mell\u00e9k: 8219 Oktat\u00f3k Borsi Zsolt &#8211; tan\u00e1rseg\u00e9de-mail: bzsr <a class=\"more-link\" href=\"https:\/\/pszt.inf.elte.hu\/index.php\/munkatarsak\/\">Tov\u00e1bb <span class=\"screen-reader-text\">  Munkat\u00e1rsak<\/span><span class=\"meta-nav\">&rarr;<\/span><\/a><\/p>\n","protected":false},"author":1,"featured_media":0,"parent":0,"menu_order":0,"comment_status":"closed","ping_status":"closed","template":"","meta":[],"_links":{"self":[{"href":"https:\/\/pszt.inf.elte.hu\/index.php\/wp-json\/wp\/v2\/pages\/5"}],"collection":[{"href":"https:\/\/pszt.inf.elte.hu\/index.php\/wp-json\/wp\/v2\/pages"}],"about":[{"href":"https:\/\/pszt.inf.elte.hu\/index.php\/wp-json\/wp\/v2\/types\/page"}],"author":[{"embeddable":true,"href":"https:\/\/pszt.inf.elte.hu\/index.php\/wp-json\/wp\/v2\/users\/1"}],"replies":[{"embeddable":true,"href":"https:\/\/pszt.inf.elte.hu\/index.php\/wp-json\/wp\/v2\/comments?post=5"}],"version-history":[{"count":43,"href":"https:\/\/pszt.inf.elte.hu\/index.php\/wp-json\/wp\/v2\/pages\/5\/revisions"}],"predecessor-version":[{"id":212,"href":"https:\/\/pszt.inf.elte.hu\/index.php\/wp-json\/wp\/v2\/pages\/5\/revisions\/212"}],"wp:attachment":[{"href":"https:\/\/pszt.inf.elte.hu\/index.php\/wp-json\/wp\/v2\/media?parent=5"}],"curies":[{"name":"wp","href":"https:\/\/api.w.org\/{rel}","templated":true}]}}